base 9
-20435
Convert 20030001 (base 4) to base 3.
1201000010
Convert 101011111110011 (base 2) to base 11.
15a09
What is -10330 (base 5) in base 8?
-1313
11464 (base 7) to base 2
101110101010
Convert 12797 (base 10) to base 2.
11000111111101
Convert -7770 (base 11) to base 13.
-487a
Convert -701 (base 11) to base 12.
-5a8
Convert 11250 (base 6) to base 4.
121032
-1b7 (base 16) to base 5
-3224
-1709 (base 10) to base 8
-3255
-20245 (base 8) to base 16
-20a5
Convert 64a (base 11) to base 7.
2163
What is -4202204 (base 5) in base 7?
-405216
What is -1000000001 (base 2) in base 15?
-243
What is -45ba (base 12) in base 16?
-1e5e
What is -211311 (base 4) in base 6?
-15113
311003 (base 4) to base 13
1712
Convert 100021112 (base 3) to base 6.
51152
Convert -2340 (base 12) to base 3.
-12101210
What is -18751 (base 9) in base 3?
-122211201
77 (base 9) to base 2
1000110
What is 130 (base 12) in base 6?
500
Convert 3089 (base 11) to base 4.
333322
What is -5cd (base 15) in base 7?
-3562
Convert -2023100 (base 4) to base 2.
-10001011010000
Convert 20424 (base 6) to base 4.
223000
-222 (base 12) to base 3
-102122
What is 4123 (base 8) in base 15?
971
What is 1152 (base 6) in base 9?
345
What is 2e0 (base 15) in base 9?
813
-111101100001010 (base 2) to base 12
-1628a
Convert -22291 (base 10) to base 5.
-1203131
What is -441 (base 10) in base 13?
-27c
What is -1001110111110110 (base 2) in base 7?
-225616
Convert 352414 (base 6) to base 11.
20921
5553 (base 14) to base 6
152221
What is 5726 (base 9) in base 4?
1002030
Convert -2245 (base 7) to base 2.
-1100110001
Convert 354 (base 14) to base 13.
3bc
Convert 112230 (base 4) to base 15.
66c
4c5 (base 14) to base 16
3bd
-1023244 (base 5) to base 8
-41654
Convert 504 (base 15) to base 4.
101221
Convert 10110010111100 (base 2) to base 10.
11452
2a45a (base 11) to base 3
2012011211
What is -120 (base 3) in base 4?
-33
Convert -312a (base 14) to base 16.
-2112
Convert -229 (base 13) to base 10.
-373
-1000111000000001 (base 2) to base 9
-54772
What is 11727 (base 8) in base 5?
130304
-101333 (base 4) to base 15
-51b
50c (base 14) to base 12
6a8
-1112244 (base 5) to base 16
-4cf3
What is 52052 (base 7) in base 5?
401403
What is -1223 (base 12) in base 8?
-3773
What is -10001000100011 (base 2) in base 8?
-21043
-2592 (base 11) to base 3
-11121202
-255 (base 15) to base 6
-2242
What is -a78 (base 12) in base 14?
-7b6
Convert 1223210 (base 4) to base 14.
271a
Convert -1102 (base 8) to base 9.
-712
-65156 (base 7) to base 6
-203015
100120202 (base 3) to base 16
1b4a
-31355 (base 7) to base 12
-4585
-3ed (base 16) to base 13
-5c4
Convert -21270 (base 10) to base 8.
-51426
Convert 4360 (base 7) to base 3.
2010211
Convert a00 (base 15) to base 11.
1766
Convert 10002212 (base 3) to base 11.
1779
Convert -1578 (base 10) to base 2.
-11000101010
-6267 (base 15) to base 14
-7817
What is 101021002 (base 3) in base 2?
1110100111001
Convert d8d (base 14) to base 3.
10200000
What is 24058 (base 9) in base 8?
37333
3380 (base 13) to base 11
5458
1313441 (base 5) to base 13
bb74
Convert -13429 (base 16) to base 10.
-78889
What is 600 (base 9) in base 3?
200000
Convert 401503 (base 6) to base 7.
160563
Convert -10121100 (base 3) to base 11.
-1a7a
What is -101202 (base 4) in base 13?
-684
Convert -1047 (base 13) to base 16.
-8d0
Convert 112010000 (base 3) to base 16.
282f
Convert 1111111 (base 2) to base 7.
241
17129 (base 11) to base 4
11320232
-2521 (base 7) to base 2
-1110110010
4124 (base 6) to base 11
763
What is -416 (base 9) in base 15?
-179
-358 (base 10) to base 6
-1354
What is 6004 (base 7) in base 15?
927
Convert -1121002022 (base 3) to base 10.
-31409
What is -123061 (base 7) in base 5?
-1211211
Convert -438a (base 15) to base 8.
-33741
10501 (base 6) to base 9
2021
What is 2176 (base 9) in base 5?
22413
What is 101010110111 (base 2) in base 16?
ab7
What is -2124 (base 7) in base 4?
-23301
Convert -25460 (base 8) to base 4.
-2230300
What is -5c2 (base 15) in base 2?
-10100011011
111000110100110 (base 2) to base 7
150552
What is -23643 (base 8) in base 9?
-14824
-1040 (base 9) to base 3
-1001100
-13136 (base 7) to base 15
-108b
20100 (base 3) to base 12
123
-1854 (base 9) to base 6
-10334
-1101011 (base 3) to base 10
-1003
Convert 65 (base 13) to base 15.
58
Convert 12238 (base 10) to base 11.
9216
211214 (base 5) to base 10
7059
Convert 301344 (base 5) to base 8.
22577
-119 (base 13) to base 5
-1231
Convert -1434 (base 9) to base 8.
-2074
Convert -1622 (base 7) to base 6.
-3005
What is 29899 (base 12) in base 14?
1735b
What is 3a22 (base 12) in base 3?
100010022
What is -135 (base 8) in base 7?
-162
What is a074 (base 11) in base 4?
3101033
-812 (base 11) to base 10
-981
Convert 209 (base 11) to base 8.
373
-9044 (base 13) to base 12
-b585
-20b2 (base 12) to base 10
-3590
What is -3520 (base 9) in base 12?
-1616
Convert 2402 (base 5) to base 15.
187
Convert 149 (base 16) to base 13.
1c4
What is 372 (base 8) in base 15?
11a
What is -24980 (base 13) in base 8?
-203717
What is 26403 (base 7) in base 13?
32a0
Convert 6577 (base 8) to base 3.
11201222
-1122013 (base 4) to base 3
-21220121
What is -25002 (base 6) in base 10?
-3674
What is 1020110 (base 3) in base 5?
12103
What is 22112 (base 4) in base 6?
3022
What is -1565 (base 13) in base 9?
-4252
What is 3ed (base 15) in base 11?
747
Convert -25963 (base 12) to base 13.
-1a583
Convert 100001011001 (base 2) to base 9.
2834
Convert -25633 (base 8) to base 10.
-11163
Convert 6321 (base 12) to base 3.
112211221
1535 (base 10) to base 9
2085
Convert 4ba (base 12) to base 15.
32d
Convert -201b (base 12) to base 3.
-11202212
What is 1010312 (base 4) in base 5?
120111
What is -63530 (base 8) in base 5?
-1321311
Convert -64100 (base 10) to base 6.
-1212432
What is 35154 (base 6) in base 11?
3870
-1100001010010 (base 2) to base 5
-144401
Convert -154 (base 6) to base 16.
-46
Convert 102010 (base 4) to base 2.
10010000100
What is -515a (base 16) in base 3?
-1001120100
-511234 (base 6) to base 3
-2001112111
Convert 17128 (base 10) to base 14.
6356
Convert -3012 (base 5) to base 9.
-464
575 (base 12) to base 6
3425
1e9 (base 15) to base 4
12330
What is -1013052 (base 6) in base 14?
-13a1a
-41646 (base 7) to base 2
-10100000100011
17d (base 16) to base 3
112010
What is 150 (base 8) in base 9?
125
-17542 (base 10) to base 9
-26051
What is -101113200 (base 4) in base 3?
-10121120200
3542 (base 7) to base 8
2430
What is -6544 (base 7) in base 3?
-10012111
Convert -233113 (base 4) to base 3.
-11011021
Convert -100112 (base 3) to base 11.
-214
Convert 3005 (base 6) to base 15.
2d8
Convert 1110020 (base 3) to base 9.
1406
Convert 12431 (base 5) to base 3.
1100201
587 (base 12) to base 10
823
Convert -1102 (base 8) to base 10.
-578
Convert -733 (base 9) to base 15.
-29c
What is 20001223 (base 4) in base 6?
412111
Convert 3a21 (base 16) to base 8.
35041
Convert -4ea0 (base 16) to base 15.
-5e6d
-369b (base 16) to base 9
-21152
4323 (base 6) to base 14
507
What is -2412 (base 11) in base 2?
-110001010111
Convert -d1 (base 14) to base 10.
-183
What is -9770 (base 10) in base 14?
-37bc
Convert -461 (base 12) to base 14.
-345
What is 5340 (base 6) in base 2?
10010111100
Convert 2335 (base 7) to base 11.
711
Convert -1135 (base 9) to base 4.
-31022
-d1a5 (base 14) to base 2
-1000110010101101
Convert 323011 (base 4) to base 5.
110111
Convert 125147 (base 9) to base 6.
1343324
-50660 (base 7) to base 4
-3000311
-10011011001 (base 2) to base 4
-103121
What is -14013 (base 5) in base 3?
-1112222
93e (base 15) to base 2
100000100100
Convert 1667 (base 9) to base 14.
672
-2205 (base 13) to base 10
-4737
What is 133 (base 16) in base 12?
217
Convert -3e7 (base 15) to base 11.
-741
Convert -23d (base 15) to base 9.
-624
Convert 7c83 (base 13) to base 4.
10101222
2340 (base 15) to base 2
1110100111101
7567 (base 8) to base 5
111314
What is 376 (base 11) in base 10?
446
Convert -500b (base 13) to base 2.
-10101011110100
Convert 30054 (base 7) to base 15.
222c
Convert b240 (base 15) to base 7.
214503
What is 580 (base 13) in base 11?
793
Convert 1020330 (base 4) to base 12.
2850
Convert 125013 (base 7) to base 13.
a80c
What is -139e (base 16) in base 10?
-5022
Convert -125 (base 13) to base 12.
-148
Convert -2